w(j) = -34*j - 990. What is w(-31)?
64
Let a(t) = -3*t**2 - 16*t + 16. What is a(1)?
-3
Let j(d) = 11*d**2 - 42*d - 167. What is j(0)?
-167
Let a(m) = 15*m - 19. Determine a(10).
131
Let h(d) = -d**3 + 15*d**2 + 7*d - 147. Determine h(12).
369
Let y(n) = 117*n + 3836. Calculate y(-33).
-25
Let b(g) = 57*g**2 - 358*g - 2. Calculate b(6).
-98
Let z(i) = 34*i**2 - 230*i - 41. Give z(7).
15
Let s(u) = -14*u**2 - u + 3. Determine s(-1).
-10
Let k(x) = 3*x**3 - 97*x**2 + 184*x - 4866. Determine k(32).
-2
Let n(i) = -i**2 - 63*i + 629. Calculate n(7).
139
Let x(f) = 7*f - 188. What is x(11)?
-111
Let q(w) = 36*w - 79. Calculate q(9).
245
Let p(h) = -25*h - 992. Determine p(-39).
-17
Let q(j) = -j**3 - 3*j**2 + 3*j + 5. Calculate q(2).
-9
Let w(n) = -5*n**2 + 559*n + 1221. Determine w(114).
-33
Let x(h) = 80*h - 696. Give x(9).
24
Let v(i) = -23*i + 230. Determine v(36).
-598
Let m(c) = 3*c**2 - 76*c + 467. Give m(14).
-9
Let b(w) = -w**3 + 19*w**2 + 31*w + 45. What is b(21)?
-186
Let o(t) = 90*t - 12694. Give o(141).
-4
Let g(r) = -226*r - 11297. Calculate g(-50).
3
Let n(d) = 7*d**2 - 122*d + 921. Give n(8).
393
Let h(c) = -c**3 - 9*c**2 + 10*c - 9. Give h(-9).
-99
Let v(c) = 16*c - 898. Calculate v(57).
14
Let c(m) = -86*m**2 + 1976*m + 38. Determine c(23).
-8
Let h(g) = 2*g**2 + 490*g + 3328. Give h(-7).
-4
Let r(w) = 483*w - 39. Determine r(1).
444
Let x(j) = 6*j**3 - 383*j**2 + 1381*j - 67. Give x(60).
-7
Let g(j) = 6*j - 101. Calculate g(20).
19
Let k(p) = 17*p**3 - 2*p**2 - 3*p - 3. What is k(-2)?
-141
Let f(d) = -d**2 + 18*d + 105. Calculate f(22).
17
Let c(m) = 108*m + 304. What is c(-3)?
-20
Let z(t) = 17*t + 19. What is z(-6)?
-83
Let o(z) = -33*z - 155. Calculate o(-10).
175
Let i(j) = 36*j - 272. What is i(8)?
16
Let v(i) = 2*i**2 + 98*i + 435. Give v(-44).
-5
Let h(z) = -980*z - 107805. Determine h(-110).
-5
Let n(q) = -15*q**3 + 171*q**2 - 64*q - 17. Calculate n(11).
5
Let l(p) = p**3 + 5*p**2 - 87*p - 423. Give l(-4).
-59
Let j(d) = -2*d**2 + 50*d - 64. Calculate j(25).
-64
Let q(l) = 606*l - 4877. Determine q(8).
-29
Let m(q) = -49*q**2 + 6672*q - 1085. Calculate m(136).
3
Let t(v) = -10*v - 205. Determine t(-15).
-55
Let v(u) = 2*u**2 + 12*u - 56. Give v(4).
24
Let q(c) = 2*c**2 - 8*c - 41. What is q(-6)?
79
Let f(k) = 301*k - 113. Give f(1).
188
Let y(l) = 13340*l + 440226. Give y(-33).
6
Let f(j) = 389*j + 785. Give f(-2).
7
Let z(j) = -161*j - 622. What is z(-3)?
-139
Let a(g) = 30*g + 3. What is a(5)?
153
Let s(i) = -i**3 - i**2 + 30*i - 12. What is s(-6)?
-12
Let g(m) = -m**2 - 12*m - 27. Determine g(-8).
5
Let b(v) = -v**3 + 42*v**2 + 50*v - 356. Determine b(43).
-55
Let g(i) = -2*i**3 + 9*i**2 + 27*i - 186. Determine g(5).
-76
Let o(l) = 7*l**2 - 89*l - 8. Determine o(13).
18
Let s(f) = f**3 - 37*f**2 + 14*f + 130. Determine s(36).
-662
Let x(b) = -11*b**3 + b**2 + 3*b - 14. Determine x(-3).
283
Let l(u) = 6*u**2 + 3*u - 6. Give l(-8).
354
Let n(c) = 38*c + 296. Give n(4).
448
Let h(j) = 11*j**2 - 42*j - 12. Determine h(4).
-4
Let z(c) = 8*c**2 - 175*c - 38. What is z(23)?
169
Let a(m) = m**2 + 36*m + 1. Determine a(-9).
-242
Let a(u) = -198*u + 31094. Determine a(157).
8
Let t(i) = 207*i + 1846. What is t(-9)?
-17
Let c(k) = -22*k**2 + 639*k + 14. Calculate c(29).
43
Let n(q) = 2*q**2 + 48*q - 289. What is n(5)?
1
Let q(z) = -z**3 - 21*z**2 + 250*z - 93. Calculate q(-29).
-615
Let l(x) = 5*x**2 + 362*x + 123. What is l(-72)?
-21
Let s(b) = -3*b**2 + 74*b + 1660. Determine s(-14).
36
Let t(v) = -47*v**2 + 178*v + 88. What is t(4)?
48
Let j(m) = -2*m**3 - 7*m**2 + 101*m - 141. Give j(4).
23
Let a(w) = 2*w**3 + 54*w**2 + 225*w + 102. Calculate a(-22).
-8
Let g(j) = -j**3 - 5*j**2 + 24*j + 108. Calculate g(-7).
38
Let k(v) = 9*v**2 + 128*v + 63. Calculate k(-13).
-80
Let l(u) = -1344*u + 9395. Calculate l(7).
-13
Let v(x) = -x**3 + 7*x**2 + 89*x - 624. What is v(7)?
-1
Let a(f) = -f**2 + 22*f - 165. Calculate a(14).
-53
Let m(g) = -275*g - 1397. What is m(-5)?
-22
Let a(m) = -m**3 + 20*m**2 + 43*m. What is a(22)?
-22
Let k(c) = -9*c - 185. What is k(-19)?
-14
Let r(g) = g**2 + 246*g + 7206. What is r(-34)?
-2
Let d(t) = t**3 + 19*t**2 - 39*t + 81. Determine d(-21).
18
Let j(i) = -i**2 + 166*i - 1569. What is j(10)?
-9
Let i(f) = 72*f**2 + 9*f + 12. What is i(-1)?
75
Let i(d) = 778*d + 5453. Calculate i(-7).
7
Let q(z) = z**3 + 2*z**2 - 45*z - 177. What is q(-4)?
-29
Let p(g) = -g**2 - 27*g - 26. Give p(-8).
126
Let h(m) = -m**3 - 8*m**2 - 23*m - 174. Give h(-10).
256
Let q(s) = 29*s**2 - 928*s - 36. Calculate q(32).
-36
Let h(a) = -3*a**2 - 141*a + 58. What is h(-47)?
58
Let p(d) = 2*d**2 - 65*d - 365. Calculate p(-6).
97
Let t(b) = 4*b**2 - 1159*b - 2635. What is t(292)?
-7
Let m(g) = -g**3 + 25*g**2 - 12*g - 41. Determine m(25).
-341
Let c(v) = -1640*v - 4922. Calculate c(-3).
-2
Let w(c) = -2465*c - 12331. Calculate w(-5).
-6
Let h(o) = -2*o**3 - 13*o**2 + 20*o - 22. Calculate h(-8).
10
Let p(u) = 801*u - 75304. Determine p(94).
-10
Let x(d) = -2*d**3 + 2*d**2 + 3*d - 6. Determine x(2).
-8
Let o(m) = -31*m + 895. Calculate o(70).
-1275
Let p(f) = -2*f**3 + 17*f**2 - 3*f - 88. Give p(9).
-196
Let j(h) = 47*h - 2478. Give j(49).
-175
Let o(z) = 2*z**3 + 3*z**2 + 18*z + 122. Give o(-5).
-143
Let y(o) = 35*o - 837. Give y(23).
-32
Let z(o) = 13*o**2 - 18*o - 2. Calculate z(-1).
29
Let m(y) = -54*y**2 + 3997*y - 65. Calculate m(74).
9
Let q(l) = 465*l - 457. Calculate q(1).
8
Let h(k) = -262*k + 515. Determine h(2).
-9
Let w(l) = -49*l + 1319. Give w(27).
-4
Let g(q) = -276*q + 13290. Calculate g(48).
42
Let a(x) = -1790*x - 17905. Determine a(-10).
-5
Let d(w) = -144*w + 1882. What is d(13)?
10
Let u(h) = h**3 + 35*h**2 - 65*h - 1047. Give u(-36).
-3
Let g(o) = -28*o**2 + 12*o + 15. Calculate g(-2).
-121
Let g(u) = u**3 - 5*u**2 - 5*u + 39. Give g(4).
3
Let n(g) = -6*g**3 + 58*g**2 + 169*g - 14. Calculate n(12).
-2
Let v(b) = 5*b**3 + 5*b**2 - 41*b - 55. Give v(-2).
7
Let s(y) = -y**3 - 3*y**2 + 4*y + 2. What is s(-3)?
-10
Let p(k) = 10*k**2 - 68*k - 31. Calculate p(8).
65
Let h(f) = 3*f**3 + 5*f**2 + 2*f. Determine h(-3).
-42
Let j(o) = -o**3 + 22*o**2 + 18*o - 827. Give j(21).
-8
Let h(d) = d**2 + 131*d + 985. Calculate h(-8).
1
Let k(b) = 3*b**3 - 4*b**2 - 44*b + 122. Give k(4).
74
Let a(z) = 41*z - 248. Calculate a(6).
-2
Let a(s) = -2*s**3 - 60*s**2 + 56*s - 131. Give a(-31).
55
Let i(g) = g**2 + 45*g + 456. Give i(-30).
6
Let t(s) = -93*s + 500. Calculate t(5).
35
Let z(q) = -793*q + 7139. What is z(9)?
2
Let n(i) = -85*i + 3. Calculate n(-1).
88
Let k(n) = 146*n - 1753. Give k(12).
-1
Let y(c) = -3576*c - 35749. Calculate y(-10).
11
Let d(x) = 26*x - 84. Give d(-7).
-266
Let c(d) = 2*d**3 + 6*d**2 - 81*d + 1. Give c(5).
-4
Let h(i) = -2*i**2 + 44*i + 229. What is h(23)?
183
Let n(z) = 3*z**2 + 16*z - 175. Calculate n(-10).
-35
Let w(u) = -9*u**2 - 69*u - 11. Give w(-9).
-119
Let t(s) = s**3 - 16*s**2 + 239*s - 1231. Determine t(7).
1
Let x(w) = 1224*w - 2443. Determine x(2).
5
Let f(u) = -3587*u + 10760. Determine f(3).
-1
Let o(s) = s**3 - 145*s**2 - 73*s + 10589. What is o(145)?
4
Let v(r) = r**2 + 4*r - 26. Calculate v(-5).
-21
Let v(u) = -3*u**2 - 27*u - 121. What is v(-5)?
-61
Let y(b) = -7*b**3 + 2*b**2 - 14*b + 10. What is y(3)?
-203
Let z(s) = 239*s - 947. Give z(4).
9
Let t(y) = -17*y**3 - 1359*y**2 + 81*y + 83. Calculate t(-80).
3
Let j(a) = -a**3 - 84*a**2 + 48*a - 10663. Give j(-86).
1
Let z(l) = l**2 + 30*l + 133. Determine z(-25).
8
Let d(i) = i**2 + 13*i - 25. What is d(-14)?
-11
Let p(y) = 91*y + 92. Determine p(-3).
-181
Let v(p) = 22*p + 63. Determine v(-28).
-553
Let k(i) = -37418*i - 523851. Calculate k(-14).
1
Let w(f) = 107*f**2 + 40*f + 3. Calculate w(-2).
351
Let h(j) = 56*j + 716. What is h(-13)?
-12
Let s(q) = 4*q**3 + 52*q + 214. Calculate s(-4).
-250
Let t(f) = 2*f**3 - 47*f**2 - 21*f + 30. Determine t(24).
102
Let z(c) = -2*c**2 + 27*c + 68. What is z(16)?
-12
Let p(q) = -41*q + 61. What is p(4)?
-103
Let p(z) = 3*z**2 - 15*z - 17. Give p(10).
133
Let c(s) = -s**2 + 334*s + 3099. Give c(-9).
12
Let k(l) = l**3 - 56*l**2 - 9*l + 508. Determine k(56).
4
Let r(a) = -a**2 - 11*a - 29. Calculate r(-10).
-19
Let g(j) = j**2 - 54*j + 427. Calculate g(9).
22
Let n(s) = -3*s**3 - 204*s**2 + 3*s + 1